+ 4*t(f). What is v(-2)?
5
Let b be 8/6*15/(-10)*-2. Let n(c) = -c**2 + 2*c - 4. Give n(b).
-12
Let k(c) = -4*c + 50*c**2 - 49*c**2 - 4 + 3*c. Determine k(0).
-4
Suppose 3 = -0*a + a. Let f(z) be the first derivative of 1/2*z**2 - z - 1/4*z**4 + z**3 + 1. What is f(a)?
2
Let s(d) = d**3 - d**2 - d + 1. Let a be s(2). Suppose -a*f + 13 + 5 = 0. Let b(i) = f*i**2 + 1 - 7*i + 7*i. What is b(-1)?
7
Let c(w) = 4*w**2 - 10*w. Let j(h) = -h**2 + h. Let p(r) = c(r) + 6*j(r). Let y be (5/(-10))/(2/12). Give p(y).
-6
Let i(y) be the first derivative of -3*y**2 + 1. Suppose 4*b + 1 = 4*k - 3, -b - 1 = 2*k. What is i(b)?
6
Let n(k) be the second derivative of -k**4/12 + k**2 - 3*k. Let y be (-2)/1 + 0/3. Let z be n(y). Let u(q) = -q**2 - 4*q - 3. Determine u(z).
1
Let a be (-2 - (-2)/1)*-1. Suppose -k = -a*k - 2. Let q(w) = -k*w - 6*w + w + 1 + 5*w. What is q(-3)?
7
Let f = -14 - -21. Let q(i) = 8 + i**2 + 0 + f + 8*i - 11. Give q(-7).
-3
Let a be (0 + -1)/(1 + (2 - 4)). Let k = 2 + -2. Suppose -25 = 5*u, k = 3*c - 5*u - a - 27. Let t(x) = -8*x**3. Give t(c).
-8
Let y(n) = 5*n**2 + n - 2. Let l(a) = a**2 - a. Let u(x) = -6*l(x) + y(x). Calculate u(5).
8
Let a be ((-6)/(-14) - 0) + (-75)/175. Let h(n) = -n**2 - n + 1. What is h(a)?
1
Let u(h) = h**2 - 4*h. Let o(z) = z**3 - 5*z**2 + z - 3. Let q be o(5). Determine u(q).
-4
Let o(v) be the third derivative of -v**6/120 + v**5/15 + 5*v**4/24 + 7*v**3/6 - 4*v**2. Let p = 18 - 13. Suppose 2*b - 15 = -p. Calculate o(b).
7
Let t(d) be the third derivative of d**6/180 + d**4/8 - d**2. Let i(u) be the second derivative of t(u). Let p = 4 - 5. Calculate i(p).
-4
Let n(r) be the third derivative of -r**6/120 - r**5/12 - r**4/6 + r**3 + 36*r**2. Calculate n(-5).
26
Let x(j) be the first derivative of -2*j + 2 + 1/3*j**3 + j**2. Calculate x(-4).
6
Let a = -1 + 3. Let h(f) = 3. Let o(v) = -v + 1. Let j(m) = h(m) - 5*o(m). What is j(a)?
8
Suppose -5 = -2*p - 5*x, -5*p - 4 = 2*x - 6. Suppose 5*b = t, -4*b + 4*t + 0*t + 16 = p. Let v(i) = 7*i**2. What is v(b)?
7
Let v(b) = 35*b**2 + 2*b - 3. Let i(a) = 18*a**2 + a - 2. Let q(y) = -5*i(y) + 3*v(y). What is q(-1)?
15
Suppose -3*s = -11 + 5. Let j(c) = 2*c**2. Calculate j(s).
8
Let w = -42 - -38. Let v(s) = -s**3 - 3*s**2 + 5*s + 5. What is v(w)?
1
Let p(b) = -b**2 + 9*b - 8. Suppose -5*d = -7 - 33. Give p(d).
0
Let o(z) be the second derivative of z**3/6 + z**2/2 - 13*z. Suppose 3 = 5*d - 7. Calculate o(d).
3
Let j(u) = u**2 - 1. Let d be j(1). Let z(h) = 2*h - 2*h + 2*h - h + 2. Determine z(d).
2
Let t(y) = -9*y + 6 - y + 7*y. Suppose 0*u = 4*u - 20, -3*u = -4*s + 9. What is t(s)?
-12
Let p(o) = -27*o - 27*o - 1 + 51*o. Determine p(7).
-22
Suppose 0 = 5*c + 6 - 1. Let i(b) = 4*b**2 - b - 1. Let u(f) = -4*f**2 + f + 1. Let q(v) = 3*i(v) + 2*u(v). Calculate q(c).
4
Let d(m) = -m**2 - 5*m + 4. Suppose 10*o = 6*o - 20. Let v be d(o). Let s(c) be the third derivative of c**5/60 - c**4/12 + c**2. What is s(v)?
8
Let h(y) = -y - 3. Let a be h(-2). Let i(s) = 8*s**2 + s + 1. What is i(a)?
8
Suppose 4*b - 5 = 3*s - 0*b, 0 = -s - 2*b - 15. Let n be s/2 - (-7)/(-14). Let t = -6 - n. Let a(x) = -2*x**3 - x**2 + 1. Calculate a(t).
13
Suppose 3 = 2*f - 3. Suppose 0 = -3*v + 5*w + 8 + 12, 0 = f*v + 4*w - 11. Let g(y) = y**2 - 5*y - 4. Determine g(v).
-4
Let y(x) be the first derivative of -3*x - 1 + 1/2*x**2. Let h(z) = 2*z - 9. Let i be h(6). What is y(i)?
0
Let y(a) = -2*a - 2. Let g = -3 + 6. Let z = g + -13. Let h = 5 + z. Calculate y(h).
8
Let v(r) = -r**3 + 6*r**2 - 3*r + 18. Let u be v(6). Let x(w) be the third derivative of w**6/120 - w**5/60 + w**4/24 + 3*w**2. What is x(u)?
0
Let j(o) be the third derivative of -1/60*o**5 - 6*o**2 + 1/6*o**3 + 0 - 1/24*o**4 + 0*o. Determine j(1).
-1
Let w(b) = -3*b**3 + 7*b**2 + 6. Let o(h) = -h**3 + h**2 + h + 1. Let j(a) = 4*o(a) - w(a). Let s = -2 - -3. Let r be 4/((-1)/(0 + s)). Calculate j(r).
-2
Let v(o) = o**2 - 5*o + 1. Let b be v(4). Let i be b/6 + (-9)/6. Let m(h) = -3*h. What is m(i)?
6
Let t(w) = w. Let x(i) = 2*i - 1. Let n(h) = 2*t(h) + x(h). What is n(1)?
3
Let r(i) = -i + 17. Let g(a) = -2*a**3 + 5*a + 1. Let n be g(-2). Determine r(n).
10
Let v(u) = u**2 + 13*u. Suppose -5*w - 55 = 5*c, 2 - 25 = w - 5*c. Determine v(w).
0
Let h(f) = -f + 12. Let t be h(7). Suppose 3*s = t*o + 20, o = s + 4*o + 12. Let i be 1*(s - (-3 - -3)). Let q(v) = -v. Calculate q(i).
0
Suppose -3*f + 9 + 0 = 0. Suppose -f = 2*d - 5. Let b(k) = 6*k**2 + 3*k + 2. Let n(w) = 12*w**2 + 7*w + 5. Let h(z) = -7*b(z) + 3*n(z). What is h(d)?
-5
Let j(u) = 2*u**3 + 5*u**2 + 5*u + 8. Let m(o) = 5*o**3 + 15*o**2 + 15*o + 24. Let c(f) = 8*j(f) - 3*m(f). Let h be c(6). Let t(i) = -3*i + 1. Calculate t(h).
7
Let k(i) be the second derivative of -i**5/20 - 11*i**2/2 + 10*i. Give k(0).
-11
Suppose v - 21 = -5*o, o - 2*o + 2*v = -13. Let p(l) be the third derivative of -l**6/120 + l**5/15 + l**4/8 + 6*l**2. Give p(o).
-10
Let x = -9 + 14. Let y(c) = 7 + 0*c**2 + 2*c**2 - 4 - x*c. Calculate y(4).
15
Let t be 1/(-4) - (-15)/(-4). Let n = 334 - 193. Let c(y) = n - 140 + y - 2*y. Give c(t).
5
Let w be 2/((-14)/(-4) + 3/(-1)). Let a(k) be the first derivative of -k**2 + 3/2*k**w - 2 + k + 0*k**3. Determine a(1).
5
Let n(z) = 3*z. Let w be n(-2). Let o(q) = -3*q**2 - 7*q + 14. Let i(c) = c**2 + 2*c - 5. Let r(b) = 11*i(b) + 4*o(b). Give r(w).
1
Let b(o) = 3*o - 5. Let w be (2 - 5) + 4*(-8)/(-4). Calculate b(w).
10
Let g(q) = 8*q - q - 14*q**2 - 4 + 15*q**2. Give g(-4).
-16
Let z(r) = r**2 - 6*r + 6. Let c be (-4)/3*(-18)/4. Give z(c).
6
Let v(q) = 3*q**2 + 11*q + 5. Let a(n) = -n**2 - 4*n - 2. Let z(u) = 11*a(u) + 4*v(u). Calculate z(3).
7
Let a(z) = 20*z**2 - 15*z + 29. Let g(j) = 7*j**2 - 5*j + 10. Let t(x) = 6*a(x) - 17*g(x). Calculate t(4).
0
Let z(c) = 5*c**2 - 5*c - 7. Let m = 3 - -3. Let d(w) = -4*w**2 + 5*w + 6. Let v(u) = m*d(u) + 5*z(u). What is v(-4)?
-3
Let u(z) = z**2 - z - 4. Let b(v) = 1. Let t(w) = -5*b(w) - u(w). Let p(o) = o**2 - 5*o + 3. Let s(q) = p(q) + 2*t(q). Give s(-3).
1
Let p(l) = l**2 - 3*l - 5. Let n be p(5). Let u(h) be the third derivative of h**5/60 - h**4/8 - 2*h**3/3 + 2*h**2. Give u(n).
6
Let c(r) = -r**2 + 6*r - 2. Suppose -5*p - 4 + 11 = -i, 0 = 5*i + 10. Suppose p - 6 = -x. Let b be x + (-1 - 0)/1. What is c(b)?
6
Let h(g) = -4*g + 4. Let n(l) = l. Let k(w) = h(w) + 5*n(w). Let a be (-2)/4*(-2 - -2). What is k(a)?
4
Let g(k) = k. Let x be (-2)/(-1) + (4 - 3). Give g(x).
3
Let f be 3/(-3)*4 + 7. Suppose -l - f*l = 0. Let p(d) = -d + 17. Determine p(l).
17
Let y(z) = -5*z**3 - z**2 + z + 1. Let p = 2 - 6. Let i(j) = -j - 1. Let k be i(p). Suppose 1 = 6*d - 2*d - q, 8 = -k*d - q. Give y(d).
4
Let v(m) be the second derivative of -m**3/3 - m**2 + 9*m. Determine v(-3).
4
Let z = -36 - -42. Let d(v) = -6 + 0*v**2 - v**2 + 2 + 8*v. Determine d(z).
8
Suppose 3*j + 5*n + 31 = 0, -n - 9 = 2*j - 0. Let a = 0 - j. Let b(l) = -6 + 0*l**3 + 4*l**a - l**3 + l**2 - l. What is b(5)?
-11
Suppose 3 = 3*f - j - 6, 0 = f - 5*j - 17. Let u(z) = 4*z - 1. What is u(f)?
7
Let n(u) = 1 + u - 7 - 2. Let x be (-1 + -1)*3/(-2). Suppose -6*b + x*b = 0. Determine n(b).
-8
Let k(h) = h**2 + 4*h - 4. Let j be k(-5). Let l(d) = 1 + 0 - d - j - 2. What is l(0)?
-2
Let q(r) = r**3 + 6*r**2 - 9*r - 8. Let c be q(-7). Let v(f) = -2 - f**2 + c*f + 2*f**2 + 4 - 3. What is v(-5)?
-6
Let z(q) = 5*q**2 + 3*q - 8. Let l(y) = 4*y**2 + 2*y - 7. Let c(g) = 4*l(g) - 3*z(g). Let s(r) = -r - 1. Let v be s(-1). Calculate c(v).
-4
Let p(h) be the second derivative of h**5/20 + h**4/2 + h**3/2 + 9*h**2/2 + 63*h. Calculate p(-6).
-9
Let y(x) be the second derivative of -x**3/6 + 2*x**2 - 6*x. Give y(4).
0
Suppose 0 = -4*x - 4*a - 8, -3*a = -5*x + 4*x - 2. Let b(f) = -f**3 - f**2 - f. What is b(x)?
6
Let l be (5 - 4)/(3 - 2). Let h = 0 + l. Let d(a) = -2*a + a**2 + 0*a + 3*a - 3*a**2 + h. Give d(2).
-5
Let j(y) = y**3 + 5*y**2 + 3*y - 4. Suppose 3*l - f = 9, 4*l = -5*f - 5 - 2. Suppose -g + 4 = -l*g. Determine j(g).
0
Let m = -2 - -2. Let t = 1 - m. Let z be (-5)/(-1) - 1/t. Let p(x) = -x**3 + 5*x**2 - 5*x + 6. Determine p(z).
2
Let o = -3 - -7. Suppose -o + 12 = -2*w. Let l be 4 + w + (-3 - -5). Let j(g) = -2*g**2 - g + 2. Give j(l).
-8
Let v(k) = -1168*k - 2*k**3 - 2 + k**3 + 1172*k + k**2.